-4).
17
2 + -4 + 8 + 4 + 7 - -3
20
Evaluate -38 - (7 - 36) - ((-1 - 8) + -1).
1
Calculate (11 - (6 - -2)) + 0 + 1.
4
What is 1 - (-27 + 19 - ((-35 - -3) + 2))?
-21
What is the value of (38 - 47) + (2 - 7) + -8 + 11?
-11
(-36 - -8 - (7 - 2)) + 14
-19
What is 9 - (-21 + 22) - (10 - 0)?
-2
What is -8 - (1 + 24 + -7 + -3)?
-23
-3 + 2 + (-1 - -15) + (-4 - 3)
6
What is the value of 0 + -14 - (-523 + 514)?
-5
Calculate -14 - (-13 - (39 - 11)) - (2 + 6).
19
What is (-26 + 17 - 36) + 21?
-24
13 + (23 - (-8 - -23))
21
What is the value of 15 - (-6 + -6 - -36)?
-9
Calculate 26 + (0 - 1) + -3 - (-68 - -65).
25
Calculate (-9 - (3 + -4)) + (96 - 80).
8
What is (-6 - -1) + 2 + 407 + -399?
5
What is the value of 9 + -3 + (15 - 4) + -15?
2
(19 - (5 - -5) - 3) + 8
14
Evaluate 25 + -6 - ((58 - -5) + -5).
-39
Calculate (-9 - -7) + -1 + (-8 - (-5 - 4)).
-2
Calculate (-10 - (-7 + 1) - 7) + -4.
-15
Evaluate 9 - (-2 - 0) - (509 + -516).
18
Calculate -23 + ((-5 - -9) + -10 - -12).
-17
Calculate -84 + 59 - ((-4 - -10) + -2).
-29
(-2 - 2) + (-15 - (-14 - (2 - 7)))
-10
What is (2 - 3) + 20 + (35 - 25) + -4?
25
Evaluate (-4 - (-10 - -1)) + (-10 - -3).
-2
What is the value of 7 + (15 - (-13 + 32) - (-2 - 5))?
10
What is the value of (0 - (-6 - -18)) + (-2 - 2)?
-16
Evaluate (-1 + 3 - 7) + -9 - -5.
-9
What is (-37 - (19 - 55)) + (1 - 40) - -12?
-28
Evaluate (1360 - 1356) + (1 - (-1 + 4)) + -9.
-7
-18 + 29 + -11 - -12
12
What is the value of 6 + (11 - 7 - 9) + 4?
5
Calculate (2 - -32) + 174 + -196.
12
What is the value of -117 - -115 - (1 - -1)?
-4
Calculate 19 - -7 - (7 - (-5 + 2) - 16).
32
What is the value of 12 - (11 + -8) - -1?
10
Evaluate -11 - -4 - (1 - (14 + -1)).
5
Evaluate 13 - ((-3 - 1 - 0) + 12).
5
-21 + 2 + -19 + 20 + 10
-8
Evaluate 10 + -6 + 2 + -11.
-5
Evaluate -12 - -6 - (1 - (-9 - (-2 + -1))).
-13
What is the value of -23 + 25 + -4 + (0 - -15)?
13
Calculate -8 + -9 + 31 - 6.
8
Calculate (5 - -5) + -8 - (2 - 1 - 1).
2
(-11 - (-3 + 3)) + -6 + 6 - -5
-6
-94 - -115 - (30 + 2)
-11
What is the value of -6 + (3 - (-15 + 15))?
-3
Evaluate 2 + (-4 + 3 - (-10 - 1)).
12
What is the value of (-14 - -7) + -8 + (0 - -7)?
-8
(-22 + 4 - -29) + (1 - -2)
14
What is the value of (-2 - (6 + -2)) + 15 + -6 + 2?
5
What is the value of (8 + 14 - 3) + -18?
1
Evaluate -5 + -3 + (-4 - 3 - -9 - -28).
22
What is -44 + -3 + 37 - (0 - 1)?
-9
What is the value of 2 + -2 + 2 + -6 + -1 + 2?
-3
What is the value of -4 - (-4 - (-12 - (-3 + -2))) - -2?
-5
Calculate -5 + 19 - (-7 - -5 - -16).
0
What is 21 + (-42 - -20) + -3?
-4
Calculate -25 + (4 - -1) - (4 + (-14 - -3)).
-13
Evaluate 4 + (-13 - -1) + -1 + -2.
-11
What is the value of -415 + 424 - (4 - 2 - -17)?
-10
Calculate 7 + (12 + 9 + -27 - (1 - 14)).
14
What is (0 - 2) + 1 + -5 - (-1 - -3)?
-8
What is 2 - (-6 + (2 - (-6 - -4)) + 1)?
3
Calculate (0 - -13) + -20 + -7 + 24.
10
Calculate 3 - 31 - (-21 - (-15 - -4)).
-18
What is 22 + (-2 + 1 - 8) + (5 - -4)?
22
Evaluate -3 - (-21 + 9 - -10) - (-11 - -1).
9
What is (-2 - (11 - 6)) + (-10 + 16 - 12)?
-13
What is (-4 - (0 - (7 - -4))) + (52 - 68)?
-9
What is the value of -73 - -80 - (-8 + -4 - -1 - 0)?
18
Evaluate 6 - (-11 - -21 - 18 - (0 + -25)).
-11
Evaluate -19 - ((6 - 8) + 13) - -7.
-23
What is (1 - -1 - -7 - -1) + 47 + -45?
12
Evaluate -132 + 175 - (29 - 5).
19
Calculate 453 + -476 + (2 - 0).
-21
Calculate 13 + -18 + (-4 - -2) - (-1 - -12).
-18
What is 27 + -6 - 27 - -6?
0
What is the value of (-5 - -15) + (-8 - -11 - -4) + -2?
15
-2 - 4 - (66 - 56)
-16
(4 - -2) + (-19 - -24) - 21
-10
Evaluate -1 + 10 + 3 + 7 + -6.
13
Evaluate -41 - -117 - 39 - (0 - (1 - 1)).
37
What is 2 + -44 + -13 + 71 + -41?
-25
What is the value of (49 - (7 - -30)) + (-11 - 0)?
1
Evaluate -37 + -1 + (17 - -15 - 23).
-29
Calculate -16 + ((-3 - -7) + -3 - (-11 + 8)).
-12
Calculate -8 + 3 - (12 + -12 + -11).
6
What is the value of 11 + (-6 - (4 + (-2 - 5)))?
8
What is the value of -3 + 17 - (12 + (-27 - -10))?
19
(-24 - -15) + 24 - (0 - -1)
14
Evaluate -7 + -1 - ((-19 - 3) + 2).
12
What is 6 - (8 + (-9 + (4 - -3) - -4))?
-4
Evaluate (-8 - 0) + 36 - ((-2 - -6) + 4).
20
(-16 - (-6 - -22)) + 39
7
Calculate 70 + -56 + 4 + -2 + -4 + 2.
14
(-22 - -10) + (-18 - -9 - -44)
23
12 - (11 + -7) - -1
9
What is 10 - 0 - (77 + -74)?
7
-3 - (1 + -5 + -6 - (6 - 24))
-11
Evaluate 23 - (-9 + 1 + 129 + -114).
16
Calculate 0 + -17 - -3 - (84 + -78).
-20
Calculate -8 + -29 + 1 + 56.
20
Calculate -15 - (-5 - -25 - 13 - 18).
-4
Evaluate -24 - (6 - 24) - (-24 + 8).
10
Evaluate (1 - 2) + 0 + (-4 - 1) - 3.
-9
25 + -8 + 0 + (8 - -10)
35
What is (-1 - -37) + (-116 - -96)?
16
Calculate 2 - (-2 - (8 + -22 + 15 + -8)).
-3
Evaluate 13 + (-5 - (14 - 19 - (-7 + 0))).
6
Calculate (18 - (-12 - -34)) + 17.
13
Calculate (2 - -6) + (4 - 8 - (1 - 15)).
18
Evaluate 10 - (-4 + (10 + -8 - -3)).
9
1 + 10 + -4 + 4 + -1 - 6
4
Evaluate (-63 - -58) + -14 + (-4 - -4) + 0.
-19
(-5 + (2 - 7) - -4) + (0 - 1)
-7
What is (-3 - -9) + -13 + 15 + 13?
21
(1 - -9) + -3 + -30 + 28
5
What is 17 + -3 + (-1 - (-5 - -9) - -1)?
10
What is (-25 - -42) + 3 + -16?
4
Calculate 6 - (3 - (17 - 6) - -11).
3
Evaluate 13 + -9 + (-11 - -13).
6
What is the value of -41 + (1 - -44) - (0 - -1 - 0)?
3
What is the value of -5 + 2 + (6 - (0 - 4))?
7
26 - (2 - -6) - 11 - (12 + -10)
5
What is 2 + (-7 - (-10 + 10 + 1))?
-6
What is the value of 7 - (-14 + 11) - (-12 - -1)?
21
Evaluate (-7 - (0 + 5 + 0)) + 7.
-5
What is -5 - (-4 - ((4 - 2) + -5))?
-4
What is the value of 1 + (29 - (3 + (-12 - -10) - -4))?
25
Calculate 4 - (9 - (-10 + -8 + -4 + 3)).
-24
Calculate 46 - 8 - (-146 - -168).
16
What is -14 - (-6 + -4 + (1 - 2) + 5)?
-8
Calculate 11 + 0 + (-146 - -140).
5
Calculate -145 - -160 - (3 + (-14 - 0)).
26
Evaluate (6 - 3) + 10 + 9 + -23.
-1
Evaluate (-7 - -1) + 12 + 0 + (-9 - -13).
10
Evaluate -25 - (-29 + -45 + 37).
12
What is the value of (-82 - -80) + (1 - -9)?
8
Evaluate -18 - -20 - (-1 - -5 - -3) - -20.
15
Calculate 18 + -19 + 18 + -7.
10
What is the value of 1 + 0 + (4 - (18 - 11))?
-2
Calculate -35 + -24 + -36 + 76.
-19
Calculate (-5 - 8 - -6) + -9 + -9.
-25
Calculate (48 - 17) + -59 - -34.
6
What is the value of -12 - ((51 - 58) + -3 + 7)?
-9
What is the value of 12 + 6 + -11 + -11?
-4
Evaluate 4 + -1 + (64 - 62) + (1 - 9).
-3
Evaluate -9 - (-16 + -11) - 17.
1
Evaluate (-18 - 0) + -55 + 52 - -11.
-10
Calculate 19 + 18 + -34 - (25 + (1 - 2)).
-21
Calculate 4 + -15 + (-4 - -9) + (24 - 4).
14
What is the value of -11 - (-25 - -4 - -41)?
-31
What is the value of (-3 - (-4 + 1)) + -34 + 25?
-9
What is the value of 0 - (2 + -7 + (-110 - -104))?
11
Calculate -15 + -8 + (8 - (16 + -6)).
-25
Calculate -57 + 10 + (33 - 13).
-27
Evaluate 0 - (8 + 3 - (9 + -4)) - -2.
-4
21 + (-1 - (8 + 0)) - 5
7
-11 + -1 - ((-29 - 5) + 21)
1
Evaluate 2 + -1 + -17 - (-1 + -11 + 6).
-10
What is the value of (3 + 16 - 45) + 16?
-10
-24 + 10 + -6 + (-23 - -14) + 14
-15
(4 - 14) + 18 - (4 - -3)
1
What is 16 + -2 + 9 + -44?
-21
What is the value of -6 + -9 - (-19 - 2)?
6
What is the value of -1 - -11 - (1778 + -1791)?
23
Calculate 7 + (7 - -6 - 10) - 16.
-6
Calculate 14 - 13 - ((-4 - 1) + -1).
7
Calculate 12 + 1 - (10 - (-37 + 18 + 31)).
15
What is -2 + 5 + -8 + (-10 - (5 - 11))?
-9
What is 5 - (-19 + 16 + 2 + 0)?
6
Calculate -8 - ((-1 - (-10 - -15)) + 13).
-15
Calculate (-6 - -3 - -1) + (-10 - (1 - 11)).
-2
What is -32 + (0 - 30) + 32?
-30
What is the value of 8 - 2 - (2 + -8 + -4)?
16
Evaluate (8 - 18) + 15 + -7.
-2
Calculate -12 + (28 - (35 - 27)).
8
Evaluate (-29 - -17) + -15 - -15.
-12
Calculate -4 + (11 - (-6 + -6)).
19
-12 + 0 + (7 - 2) + (91 - 89)
-5
Evaluate (-1 - (38 - 7)) + 1 + (-5 - -14).
-22
6 - (18 - (-12 - -18))
-6
Evaluate 6 - ((-1 - 19 - -11) + 3).
12
-2 - (4 + (-29 - -16))
7
Evaluate -30 - (4 - (51 + -17)).
0
What is the value of -23 - (0 - 9) - (7 - 15)?
-6
(-6 - (-7 + 8)) + -1 - -22
14
(46 + -16 - 23) + (17 - (-3 + 3))
24
What is -24 + 24 + 7 + 1 + -15 + -5?
-12
Calculate -21 + 23 + 44 + -11.
35
What is -11 + 3 + 6 + (2 - -9)?
9
Evaluate -11 + 15 + -4 + 10 + (5 - 21).
-6
What is the value of -6 - (-9 + -16 - -9) - 1?
9
Calculate -9 - (-11 - (-10 + 2)).
-6
3 + -9 + -19 + (-4 - (9 + -5))
-33
-14 + (4 - -1) - (-41 - -23)
9
What is the value of (1 - -6) + -15 + (-7 - -14)?
-1
Calculate -11 - ((11 - 4) + -8 + -5)